ite?
True
Suppose 5*z + 4*p - 3369 = 0, -p - p - 3393 = -5*z. Is z composite?
False
Let t(m) = -m + 5. Let x be t(5). Suppose p - 3*o - 63 = 0, x = -2*p + o - 28 + 129. Let j = p + -27. Is j prime?
False
Let f(t) = 2*t**2 + t - 5. Is f(-10) a prime number?
False
Suppose 5 - 1 = 2*q, 0 = 5*g - q - 4533. Is g composite?
False
Let a(v) = 8*v**2 - 1. Is a(-7) composite?
True
Let n be (-9)/(2/(1540/(-3))). Suppose -5*z + n = -3*g, -2*z + 0*z + 940 = 2*g. Suppose -5*a - 3*w = -z, 2*w = 5*w. Is a composite?
True
Suppose l = -0*l + 1. Let c be (-2)/4 - 65/(-2). Suppose c - l = o. Is o composite?
False
Let x(w) = -2*w - 7. Let r be x(-3). Is (r - (-2 - -3)) + 213 composite?
False
Suppose -4*x + 2294 = 66. Is x a prime number?
True
Is 12/(-6) + 1 + (0 - -3144) composite?
True
Let j(w) = -w**3 + 15 + 0*w**3 - 3*w + 0*w**3 + 4*w. Is j(0) a prime number?
False
Let b(s) = -5*s + 8. Let x be b(-7). Suppose 0 = -2*i - x + 149. Is i composite?
False
Suppose -5*o - 7 = -27. Suppose o*q - 8 = 0, -5*a = -3*a + q - 52. Is a prime?
False
Suppose 3*j = 4*a - 8, j + 0 = -4*a + 8. Let n(c) = -3 - 2*c**a + 7*c**2 + 2*c**2 + 2. Is n(-1) a prime number?
False
Let u(a) = -a + 2 - 8*a**2 - 3*a - 2*a - 13 - a**3. Is u(-8) a composite number?
False
Let b = -8 - -14. Let i(m) = m**3 - 5*m**2 + 6*m + 5. Is i(b) a composite number?
True
Let t(z) = 2*z**2 - 8*z - 9. Let w = 39 - 69. Let d be (8/(-20))/((-2)/w). Is t(d) a composite number?
True
Let p(l) = -7*l**2 - 7 + 3*l**2 - 5*l + 16. Let r be p(-8). Let y = r - -392. Is y prime?
False
Let g be (0 - 1)*(2 + 7). Let a = -5 - g. Suppose 3*d - 2*v - 345 = 0, -2*d - v + a*v + 235 = 0. Is d composite?
False
Suppose -1281 = -4*j - 253. Is j composite?
False
Let u(j) = -j**2 + 3*j + 4. Let k be u(4). Let l = 3 - k. Suppose -l*p + 296 = 4*d, -369 = -4*d - d - 4*p. Is d composite?
True
Suppose p - 615 = -2*p. Is p a prime number?
False
Let s(c) be the third derivative of c**6/180 - c**5/120 + 5*c**4/12 - c**3/3 + 2*c**2. Let m(k) be the first derivative of s(k). Is m(-7) composite?
True
Let y(b) = -b**3 + b**2 - b + 1. Let u be y(1). Let z be (u + 2)*1 + 82. Suppose 3*s + l - 12 = 36, -3*l + z = 5*s. Is s composite?
True
Suppose -6*b + 1898 = 680. Is b prime?
False
Suppose c = l + 6 - 0, -3*c - 27 = 2*l. Let j = l - -35. Is j a prime number?
False
Let j(f) = -37*f**2 + 1. Let l be j(-2). Let m = -58 - l. Is m composite?
False
Let w(o) = 3*o**2 - 8*o. Is w(5) composite?
True
Let d be (2 - 2) + 5/1. Suppose d*a - 13 = 3*a + 3*n, 9 = a - 2*n. Is a - (0 + 2 + -40) composite?
False
Let i = -1410 - -2509. Is i a composite number?
True
Let r be (3 - -1)/2*-77. Let k = 93 - r. Is k prime?
False
Let g = -698 - -1567. Is g a composite number?
True
Let w(s) = -412*s + 4. Let z be w(5). Is (z/40)/(2/(-10)) composite?
False
Suppose -4*y + 5*v = -13566, 4*y - y - 4*v - 10175 = 0. Is y a prime number?
True
Let x(f) = f + 13. Let g be x(-8). Suppose 0 = 2*i - g*n - 16, 0*n - 3*n = -3*i + 33. Is i prime?
True
Let n(w) = -w**2 + 4*w + 1. Let m(c) be the first derivative of 3*c**2/2 + c - 2. Let y(v) = 4*m(v) - 3*n(v). Is y(2) a composite number?
False
Suppose -2*m + 0*m - 47 = 3*i, 0 = 2*i + 2*m + 34. Let g = -45 - -72. Let c = g + i. Is c composite?
True
Is 1925/3 - (-2)/(-3) prime?
True
Suppose 3*y = -3 + 126. Let p = 74 - y. Is p prime?
False
Let k be ((-6)/5)/((-12)/40). Suppose 2*d = k*w - 392, -d = 5*w - w - 386. Is w a prime number?
True
Suppose 2 - 5 = -3*x. Let b be ((-6)/(-9))/(x/6). Suppose 0 = r - 3*z - 36 - 5, -b*r = z - 151. Is r prime?
False
Is ((-669)/6)/((-4)/40) a prime number?
False
Let k = 6 - 2. Suppose -k*u + u + 498 = 0. Is u a composite number?
True
Let h(o) = o**3 + o**2 - o + 1. Let f(r) = -3*r**3 - 5*r**2 + 4*r - 30. Let b(i) = -f(i) - 4*h(i). Let z(x) = 4*x + 8. Let g be z(-2). Is b(g) a prime number?
False
Let k(w) = 3*w**2 - 3*w + 7*w**2 - 3*w**2 + w**3. Is k(-7) a prime number?
False
Suppose 5*d - 344 = 581. Is d a prime number?
False
Let m(q) = -2*q + 7. Is m(-12) composite?
False
Is ((-2589)/(-2))/(4/8) composite?
True
Let p(j) = -17*j**3 - 3*j - 3. Is p(-2) composite?
False
Suppose j + 2*z - 1065 = 0, -2*z - 717 = -j + 364. Is j a prime number?
False
Let s = 649 - 429. Suppose 3*y - s = -y. Is y a prime number?
False
Let z = 89 + 0. Is z a composite number?
False
Let v(p) = p**2 + 4*p + 2. Let k be v(-4). Let c be (k/4*0)/(-2). Suppose c*y + 85 = y. Is y prime?
False
Let b(l) = -l**3 - 2*l + 2*l**3 - 9*l**2 + 3*l. Let m be b(10). Suppose -m = -2*i - 0*i. Is i composite?
True
Suppose 3 + 2 = b. Suppose -12 = -b*h + 223. Is h a prime number?
True
Suppose -2*z - 3*g = -841, -4*z + z + g + 1256 = 0. Is z composite?
False
Suppose -23 = -4*h + 1. Is -3 + h + (30 - 0) a prime number?
False
Let x = 1296 - 615. Is x a composite number?
True
Suppose 5*f + 2*m - 23 = 0, 0 = 3*f - 8*f + m + 11. Suppose -425 = -f*g - 2*g. Is g a composite number?
True
Let k(s) = s**3 + 5*s**2 - 6*s. Let h be k(-5). Is ((-98)/(-21))/(4/h) prime?
False
Suppose -4*o + 6 = -14. Suppose o*t - 2*k - 305 = 0, -t + 43 = -0*k - 4*k. Suppose t = 3*f + 3*w, f - 117 = -4*f + w. Is f a composite number?
False
Let o = 317 + -28. Suppose -o = -5*m + 106. Is m composite?
False
Suppose 2*t = 358 + 352. Is t a composite number?
True
Suppose -4*o = 3 + 17, 4*l = -5*o + 2871. Let q = 1061 - l. Is q composite?
False
Suppose 3*q = -q + 4. Let s(g) = 9*g + 3*g + g. Is s(q) a composite number?
False
Let y = 10 + -6. Suppose 0 = -2*k - u + 264, y*k + u = 573 - 47. Is k a composite number?
False
Is (2/(-3))/((-60)/111870) composite?
True
Let a be 0/(-1)*(-5)/(-10). Is (218 - a)*(-3)/(-6) a prime number?
True
Let w be 66/(-10) - (-8)/(-20). Let j = 18 - w. Suppose -5*d + 70 = -j. Is d composite?
False
Let k be (-4)/24 + 1297/6. Let w = k - 13. Is w composite?
True
Let k be (-6)/4*(-8)/12. Let q(a) = 22*a**3 - a. Is q(k) composite?
True
Suppose 28 = 2*x - 5*f, 4*x = -0*x - 2*f + 8. Is 62 + x/(12/(-9)) composite?
False
Let d = 1386 - 673. Suppose -4*t = 3*x - 568, 0 = 5*t - 0*x + 3*x - d. Suppose 0*h - h + t = 0. Is h prime?
False
Suppose 5*f + 0*f = 3*m - 48, 2*f = -6. Let s(u) = 8*u - 5. Is s(m) composite?
False
Suppose -62 = -4*t + 30. Suppose -m - m - 3*l = 18, t = -5*m - 2*l. Let q = 18 + m. Is q a composite number?
True
Suppose 4*q + 13 = 4*t - 3, 3*q + 10 = 2*t. Suppose -2*h + 170 = -2*m, -t*h - 2*m = -7*m - 176. Is h prime?
True
Let o = -4 + 10. Let y be (-3)/(-9) + (-254)/o. Is (5/2)/((-3)/y) composite?
True
Suppose k + 2*m = 249 + 277, k + 5*m = 529. Suppose 5*l = l + k. Is l prime?
True
Let i = 4 - 5. Let r(d) = -338*d - 1. Is r(i) a prime number?
True
Suppose o - 88 = p - 4*o, 4*o = p + 84. Is (1 - p/2) + 2 a composite number?
False
Let c(o) be the second derivative of -o**5/10 - 2*o**4/3 - o**3/3 + 5*o**2/2 - 3*o. Is c(-5) a prime number?
False
Suppose -4*f + 711 = -849. Suppose 0*m + 2*s = -3*m + 553, -2*m = -4*s - f. Is m a composite number?
True
Let c be (4/(-10))/((-6)/(-60)). Is (2/c)/(1/(-254)) a prime number?
True
Let p(v) = v + 6. Let q be p(-7). Let o be 0/((0 - 0) + q). Suppose o = -n - n + 20. Is n a prime number?
False
Let t = 99 - 2. Is t prime?
True
Suppose 2*h + 0*h - 26 = -4*b, -b + h + 2 = 0. Let l = b - -33. Let w = l + -25. Is w a composite number?
False
Let g(c) = -2*c**3 - 10*c**2 - 5*c - 8. Is g(-7) composite?
False
Let o = -2 + -2. Let i(l) = -l**3 - 4*l**2 - 3. Let y be i(o). Is 215 - (9 - 3)/y prime?
False
Is (0 - 2)/((-12)/1194) a prime number?
True
Let b be 215/25 - (-6)/(-10). Is b/12*(-339)/(-2) prime?
True
Suppose 3*s - 30 = -3*m, -5*m + 2*m + 27 = 2*s. Is m a prime number?
True
Suppose -4*h + 5*h = 113. Is h a composite number?
False
Suppose 3*p = -4*c + 623, 0 = -2*p - p - 5*c + 619. Is p a composite number?
True
Suppose -f - 3*f = 5*m - 1543, -m = -2*f - 303. Is m a composite number?
False
Let u(y) = -832*y - 3. Let g be u(-2). Suppose g - 416 = 5*t. Suppose -5*m = r - t, -3*r = 3*m + 2*r - 167. Is m prime?
False
Suppose 5*o + 5*a - 952 = 1648, -3 = -a. Is o prime?
False
Suppose 5*z - 2*m - 18463 = 0, 0 = 6*z - 4*z + 3*m - 7370. Is z a composite number?
False
Let c = -6 + 4. Is c/(1 - (-193)/(-191)) a prime number?
True
Let n = 1019 + -388. Is n a prime number?
True
Suppose 3 = m - 1. Suppose -m*k = -4*a, -3*k = -6*k + 5*a - 4.